 p*t - i - 57. What is the remainder when t is divided by 7?
6
Let q = 8 + -4. Let d be ((-58)/2)/((-1)/1). Let g = d - 18. What is the remainder when g is divided by q?
3
Let r = 43 - -30. Suppose -5 = p - r. Calculate the remainder when p is divided by 23.
22
Suppose 9*a - 2*a = 42. What is the remainder when a is divided by 5?
1
Let q(c) = -c**2 - 9*c - 5. What is the remainder when 37 is divided by q(-6)?
11
Calculate the remainder when ((-17)/(-68))/(1/184) is divided by 18.
10
Let b(o) = 3*o**2 + 8*o - 7. Calculate the remainder when 25 is divided by b(-4).
7
Let m be 145/11 - 4/22. Suppose -12*j = -m*j + 51. Calculate the remainder when j is divided by 13.
12
Suppose 0*k + 48 = 3*k. Suppose 4*a - 4*o - 52 = 0, 0 = -3*a + 8*o - 7*o + 31. Calculate the remainder when k is divided by a.
7
Suppose 4*u - 259 + 87 = 0. What is the remainder when u is divided by 11?
10
Suppose -2*g + 430 = -4*g. Let x = 304 + g. Calculate the remainder when x is divided by 23.
20
Let t(m) = m**2 + 4*m + 2. Let k be t(-3). Let y = -4 - k. Let g(a) = -7*a - 4. What is the remainder when 32 is divided by g(y)?
15
Let v = -12 + 12. Calculate the remainder when 11 + v - (-5 + 8) is divided by -2*1/(-2) - -4.
3
Suppose j + y - 11 = 0, -5 = j - 4*y + 4. Let z(a) = a**2 - 7*a + 10. What is the remainder when 39 is divided by z(j)?
9
Calculate the remainder when 3/(-2) + 103/2 is divided by 13.
11
Suppose 14 - 464 = -3*f. Calculate the remainder when f is divided by 17.
14
Let g(q) = 4*q**2 - 4*q + 2. Let c be (-6)/4*-2*1. What is the remainder when 51 is divided by g(c)?
25
Suppose x + 4 = -3*x. Let n(l) = 9*l - 4. Calculate the remainder when (x + (-15)/(-9))*39 is divided by n(2).
12
Suppose 5*f + 15 = 0, -2*f + 7 = -4*i + 225. Calculate the remainder when i is divided by 14.
11
Let f(h) = -4 - 2*h**2 + 8*h - 2*h**2 + 3*h**2. Let g be 1/(-2*(-2)/20). What is the remainder when f(g) is divided by 4?
3
Suppose 12*c - 1712 = -512. Calculate the remainder when c is divided by 17.
15
Suppose -3*k + k + 2*n + 62 = 0, -176 = -5*k - 2*n. Let f(b) = 12*b - 10. Calculate the remainder when f(12) is divided by k.
32
Suppose 3*k - 32 - 31 = 5*z, -71 = -5*k - 3*z. Calculate the remainder when k is divided by -7 + 4 - 1*-12.
7
Let d(b) = b**2 - 2*b + 4. Calculate the remainder when 55 is divided by d(6).
27
Let i(z) = z**3 + z**2 - 3*z - 3. Let h = 400 - 383. Calculate the remainder when i(4) is divided by h.
14
Let w = 10 - 4. Suppose w*l = 4*l + 6. Calculate the remainder when (-2)/l + 262/6 is divided by 15.
13
Let c = 59 + -40. What is the remainder when 2 - 4 - -40 - 3 is divided by c?
16
Suppose -29 = -2*u + 3*n, 4*u + 3*n + 0*n = 49. Suppose 2*z - z = u. What is the remainder when z is divided by (7/2)/((-9)/(-18))?
6
Let y(u) = -3*u**3 - 4*u**2 - 3*u - 2. What is the remainder when -1*(1 - 23 - 0) is divided by y(-2)?
10
Calculate the remainder when 192 is divided by (-6)/24 + (0 - (-183)/12).
12
Suppose 3*o - o = 5*j + 13, 3*o - 5*j - 17 = 0. What is the remainder when o is divided by 3?
1
Let g = 17 - -6. What is the remainder when 66 is divided by g?
20
Suppose -5*j + 265 = 3*m, -m = -2*j + 85 + 21. Calculate the remainder when j is divided by 18.
17
Let t(q) = -2*q + 6. Let g(b) = -5*b + 11. Let p(r) = -3*g(r) + 7*t(r). Let f = 8 + -3. What is the remainder when f is divided by p(-7)?
1
Suppose 0 = -0*t - t - x + 10, 0 = 4*t - 4*x - 64. What is the remainder when 23 is divided by t?
10
Suppose 5*w - 3*n - 20 = 15, 0 = -5*w + n + 25. Suppose -22 = -5*q - 2*v, w = -2*v + v. Calculate the remainder when 17 is divided by q.
5
Suppose -h - 2*h = -6. What is the remainder when 5 is divided by h?
1
Let z = -56 - -104. Calculate the remainder when z is divided by 17.
14
Suppose 11 - 71 = -6*f. Let r = -70 - -108. Calculate the remainder when r is divided by f.
8
Let y = 0 + 6. Let b(m) = -2*m + 10. Let p be b(7). Let c = p + 14. What is the remainder when c is divided by y?
4
Let u(y) be the third derivative of 1/60*y**5 + 0*y + y**2 + 0*y**3 + 0 + 1/4*y**4. Calculate the remainder when 20 is divided by u(-7).
6
Let j = -134 - -241. Calculate the remainder when j is divided by 12.
11
Let d = -168 - -286. What is the remainder when d is divided by 30?
28
Let k = 132 - 93. Let w = k + -26. What is the remainder when 36 is divided by w?
10
Let y(d) = -d**2 + 6*d - 7. Let r be y(5). Let f be (-7)/r + 1/2. Suppose 2*s + 8 = 0, f*s + 26 = 4*m + 6. What is the remainder when 2 is divided by m?
0
Suppose -6 - 15 = -d. Calculate the remainder when 40 is divided by d.
19
Suppose 2*n + 3*i = 25, -3*n + 6*n = -5*i + 40. Suppose n*f = f + 116. Calculate the remainder when f is divided by 15.
14
Let l = 1 - -21. What is the remainder when 109 is divided by l?
21
Suppose -4*y + 0*y = -12. Suppose -y*j + 156 = -0*j. Suppose 0 = 2*d + 2*p - 42, -5*d + 96 = -0*p + 2*p. What is the remainder when j is divided by d?
16
Suppose -4*p + 153 = 5*p. What is the remainder when 50 is divided by p?
16
Suppose -5*s - 4*w = 12, 3*s - w = -4 - 10. Calculate the remainder when 23 is divided by -16*3/(s + -2).
7
Let r = -8 - -27. Calculate the remainder when 35 is divided by r.
16
Let v(k) = -k**3 + 10*k**2 - 8*k + 5. Let n(c) = c**2 - 7*c + 9. Let h be n(7). Calculate the remainder when 40 is divided by v(h).
12
Let a = -7 - 20. Let h = -4 - a. Let o = 31 - 19. What is the remainder when h is divided by o?
11
What is the remainder when 45 - ((0 - -2 - 1) + -1) is divided by 12?
9
Suppose a - 145 = -4*a. Suppose 0 = -3*r - a + 104. What is the remainder when r is divided by 9?
7
Let v = 33 - 45. Let b be (0 - -1)/((-2)/(-6)). What is the remainder when 54*b/v*-2 is divided by 14?
13
Let k = -8 + 21. What is the remainder when (-1)/((1/24)/(-1)) is divided by k?
11
Let u = 15 + -10. Suppose -u*r + 3*f + 53 = -f, -3*r + 19 = 4*f. Calculate the remainder when 34 is divided by r.
7
Let s(w) = -2*w**2 + 22*w - 20. Calculate the remainder when 30 is divided by s(9).
14
Let w(p) = p + 12. Let b be w(0). Let c = b - 5. Suppose 5*k = -5*x + 125, 3*x - 7 = 4*k + 33. Calculate the remainder when x is divided by c.
6
Suppose 5*n = -2*l + 171, 4*l + 0*n - 307 = -3*n. Let c = -51 + l. Calculate the remainder when c is divided by 8.
6
Suppose 0 = -3*g + 5*u - 2, 31 = 3*g + 5*u - 7. Calculate the remainder when 17 is divided by g.
5
Let l(v) = 0 + 2 - 3*v - 11*v - 3. Calculate the remainder when 36 is divided by l(-1).
10
Suppose -4*q = 4*b - 132, 2*q + 39 = 3*q - 5*b. Calculate the remainder when q is divided by 7.
6
Suppose -2*d - 2*d = -20. Suppose -2*u - 1 = d*h + 12, -4*u - 20 = 4*h. Calculate the remainder when (-5)/(50/u)*85 is divided by 12.
10
Let c = -3 - -1. Calculate the remainder when 3 + -5 - 20/c is divided by 3.
2
Suppose 3*s + o = 4, -4 - 6 = -2*s + 3*o. Calculate the remainder when 32 is divided by s.
0
Let g = 37 - 23. Calculate the remainder when 39 is divided by g.
11
Suppose v + 20 = 3*v. What is the remainder when 68 is divided by v?
8
Let x = -20 - -37. What is the remainder when 65 is divided by x?
14
Suppose 3*a = -2*a + 5. Suppose -4*u + 5*q = 2, -3*q + a = -u - 3. Suppose -12 = -3*d + c + 23, u*d - 22 = c. Calculate the remainder when d is divided by 7.
6
Let v(s) = -s**3 + 4*s**2 + 7*s - 2. Let l be v(6). Let k = l - -16. What is the remainder when 39 is divided by 2 + (-2 + k)/(-1)?
19
Let n(u) = 3*u + 4. Let y(l) = -l. Let v(g) = n(g) + 2*y(g). Let t be v(-7). Let h = t + 20. What is the remainder when h is divided by 9?
8
Let p = 3 + 0. Suppose -6 = -3*b - p. Calculate the remainder when b is divided by 1.
0
Let l(m) be the first derivative of m**3/3 - m**2 + 5*m - 1. Calculate the remainder when l(-4) is divided by 15.
14
Suppose 18 = 2*x - 2*m - 0*m, -2*m + 2 = 3*x. What is the remainder when 19 is divided by x?
3
Let o(n) = -n**2. Let m be o(1). Calculate the remainder when m/(-4) + (-428)/(-16) is divided by 15.
12
Let o(c) be the first derivative of 5/3*c**3 + c**2 - 1/4*c**4 + 4 - 5*c. What is the remainder when o(4) is divided by 5?
4
Suppose -8 = 3*k + 7. What is the remainder when 5 is divided by 6/k*(-10)/4?
2
Let a = -44 + 51. What is the remainder when 41 is divided by a?
6
Suppose 5 = r, -3*r = 4*y - 0*r - 203. Let z(q) = q**2 + 3*q - 2. Calculate the remainder when y is div